d*x = -30. What is the highest common divisor of 2 and x?
2
Let h be 2/(-3) - ((-3)/15 - 1139/255). Calculate the greatest common factor of 796 and h.
4
Let b = -220 + -4. Let q = 233 + b. Let d = -144 + 243. What is the highest common factor of q and d?
9
Let a = 226 - 111. Suppose -189 = -4*p + 5*k, -2*p + 41 = -p + 5*k. What is the highest common divisor of p and a?
23
Suppose 185*p - 19741 = 57539 + 447195. Calculate the highest common divisor of 420 and p.
105
Let b be ((-3)/(45/(-2685)))/(-1 - -2). Calculate the greatest common divisor of b and 14499.
179
Let t = 2554 - 2548. Let r(w) = 16*w. Let i be r(6). Calculate the greatest common factor of t and i.
6
Let h be (744/(-20))/(4/(-10)). Let x(y) = -5*y**2 + 4*y + 39. Let a be x(-4). Let c = a + h. What is the greatest common divisor of 90 and c?
18
Let f(u) = 2*u**3 - 6*u**2 + 198*u - 958. Let r be f(5). Suppose x - 440 = -x. What is the greatest common divisor of r and x?
44
Suppose -851*p + 11180 = -846*p. What is the highest common divisor of p and 624?
52
Let a(y) = 122*y + 1066. Let g be a(40). What is the highest common divisor of 6 and g?
6
Suppose 0 = 3*h - t - 18, -8*t - 18 = -3*h - 3*t. Suppose h*n - 169 = -7*n. Calculate the highest common divisor of 325 and n.
13
Suppose -8*f + 58 - 10 = 0. Suppose 5*y - 103 = -t, f*y = 5*t + 3*y - 655. Calculate the greatest common divisor of t and 2.
2
Suppose -4*c - 4*g = -1236, -2*c = -5*c + 3*g + 945. Let n = -47 + c. What is the highest common factor of 106 and n?
53
Let u = 559 - 815. Let p = -253 - u. Calculate the highest common factor of 12 and p.
3
Let o(n) = 14*n + 18. Let c(v) = v. Let u(w) = -4*c(w) + o(w). Let s be u(-9). Let d = s - -73. What is the highest common factor of 2 and d?
1
Suppose -20249 = -5*d + k, 181*d + 12154 = 184*d + 4*k. Calculate the greatest common factor of d and 6.
6
Let r = 2990 + -2750. Calculate the greatest common divisor of 228 and r.
12
Let t be (24 - (0 - 1)) + -1. Let j(l) = -l**2 + 33*l - 2. Let z be j(33). Let b be 3/(33/134) + z/11. What is the highest common factor of b and t?
12
Let a = 111 + -111. Suppose a = 11*c - 786 - 94. What is the greatest common factor of 8 and c?
8
Let i(b) = 2*b**2 - 6*b - 22. Let k be i(-4). Suppose -36*j + 6 = -k*j. Calculate the greatest common divisor of j and 1.
1
Let t = -2061 - -3352. Let z = t - 1005. Suppose i + 44 = 3*i. What is the greatest common divisor of i and z?
22
Let u = 62 + -20. Calculate the highest common divisor of 574 and u.
14
Suppose -122 = y + 4*l - 3*l, y + 110 = -4*l. Let a be 9/((-81)/y) + -4. Calculate the highest common divisor of 1090 and a.
10
Let o(y) = 18*y**2 - 44*y - 300. Let w be o(-8). Calculate the highest common divisor of w and 56.
28
Let o(a) = -197*a - 2054. Let p be o(-15). Calculate the greatest common divisor of p and 1643.
53
Let w = 26528 + -19571. What is the highest common factor of 9 and w?
9
Let y be 45/12 + (-3 - (-36)/16). Suppose m + 0*m - 73 = -3*j, 289 = y*m - 5*j. What is the highest common factor of m and 33?
11
Let i be (-2)/(-15) + 535612/2310. Calculate the highest common factor of i and 2726.
58
Let y = 34677 + -14335. What is the highest common divisor of 14 and y?
14
Suppose 2917 = 5*x - 10*m + 9*m, 5*x - 4*m = 2923. What is the greatest common factor of x and 22?
11
Suppose 465 + 95 = 4*g. Let w(i) = -i**3 - 125*i**2 - 150*i - 3214. Let t be w(-124). What is the highest common factor of t and g?
10
Suppose -6*l + 3456 = -1842. Suppose 15*s - l - 2 = 0. What is the highest common divisor of s and 531?
59
Suppose -12 = 31*c - 37*c. Let d be -3 - (-1 - 52) - (c + 4). Calculate the highest common factor of 55 and d.
11
Suppose 107 = -39*b - 127. Let g(c) = 4*c + 216. Let z be g(b). What is the highest common divisor of 36 and z?
12
Let t = 7794 - 5462. Calculate the highest common divisor of t and 66.
22
Let m(t) = t**3 - 26*t**2 - 505*t - 54. Let j be m(39). Suppose -2*g - 2*g + 72 = 0. What is the highest common factor of g and j?
6
Let s(n) = -8*n**2 + 16*n + 12. Let t be s(6). Let k = -170 - t. Calculate the highest common factor of k and 90.
10
Suppose 23*u - 19*u + 5*m = 204, -3*u = -4*m - 153. Calculate the highest common divisor of 391 and u.
17
Suppose 2*c - 62 = -4*p, 11*c - 6*c = -5*p + 90. Suppose 4*i = 4*s + 28, 3*s - p = -i + 14. What is the greatest common divisor of 44 and i?
4
Let r(z) = z**3 - 55*z**2 + 9*z - 465. Let h be r(55). Let g(k) = -k + 54. Let x be g(6). Calculate the greatest common divisor of h and x.
6
Let p(i) = -1 - 22 + 1565*i + 0*i**2 - 1578*i + 3*i**2 + 1. Let r be p(9). Calculate the highest common divisor of 13 and r.
13
Suppose 133 = -89*n + 667. Let v be (-482)/(-10) + (-1)/5. Calculate the highest common divisor of n and v.
6
Let d = 2405 - 1628. What is the greatest common factor of 42 and d?
21
Suppose 101*o - 52*o - 490 = 0. Calculate the highest common factor of 1205 and o.
5
Suppose -6*z = -4 - 14. Suppose -3*c + 150 = 5*h, 94 = z*h - c + 2*c. Calculate the highest common factor of h and 3.
3
Suppose -5*d - 4*v - 7 + 26 = 0, -2*v = -2. Suppose 895*f - 846*f = 1029. Calculate the greatest common divisor of d and f.
3
Suppose x - 4*m = -x + 40, 5*x + 3*m = 87. What is the greatest common divisor of 4302 and x?
18
Let t(c) = -2*c**3 + 30*c**2 + 52*c - 60. Let d be t(16). Calculate the highest common divisor of d and 1000.
20
Let r be (-8 + (-2 - -2))*-3. Suppose 9*l + 3*l = 912. Suppose -110 = -3*b + g, -g = 2*b - 3*g - l. What is the highest common divisor of r and b?
12
Suppose m + i - 5 = 2*i, 0 = -m + 5*i - 7. Let s = 17 - -84. Let p = s + -29. What is the greatest common factor of m and p?
8
Suppose 98 - 5 = -3*b. Let d = -28 - b. Suppose -l - d*l + 24 = 0. Calculate the highest common factor of l and 54.
6
Suppose 0 = -4*j - 4*v - 4, -4*j - 2 = 5*v + 5. Let p be j/(-7) - 31960/(-140). Calculate the highest common factor of p and 24.
12
Let j be (1/3)/((-1)/(-6)). Let n be ((-3)/j)/(-2*(-1)/4). Let b be n + (0 - -25) - 2. What is the highest common divisor of b and 8?
4
Suppose 4*b = 4*o - 52, -2*o + b + 43 = 2*o. Let n(m) = 2*m**2 - 15*m - 18. Let a be n(o). What is the greatest common factor of a and 2?
2
Let u = 1601 - 1247. What is the highest common divisor of 531 and u?
177
Suppose -a + u + 620 = 0, -54*u + 57*u + 3114 = 5*a. What is the greatest common divisor of a and 3?
3
Let r(s) = s**3 + 8*s**2 + 2*s + 4. Let x be r(-4). Suppose -3*c + 4*f = -120, 5*c + 4*f = 3*c + x. What is the greatest common factor of 4 and c?
4
Suppose -5*q - 1711 = -73*j + 72*j, -4*j = -3*q - 6963. What is the highest common divisor of j and 388?
194
Suppose 18*p = 16*p - 270. Let f = 87 + p. Let d = 80 + f. Calculate the highest common divisor of 4 and d.
4
Let u(r) = 3*r**2 - 4*r + 6*r + 3*r + 4*r - 1. Let x be u(7). Suppose -3*v - 84 = -4*t + 7, -v - 5 = 0. What is the greatest common divisor of t and x?
19
Let d be (-416)/(-11) + (-64)/(-352). Suppose -4*l + d = -2*y, 2*l + 0*y - 20 = 2*y. Calculate the greatest common factor of l and 117.
9
Let p = 133 + -34. Suppose 0 = h - 2*x - 770 + 864, h - x = -91. Let f = h + p. Calculate the greatest common divisor of 11 and f.
11
Let v(q) = 5*q**2 + 6*q + 29*q**3 - 17*q + 7*q. Let p be v(1). What is the greatest common factor of 10 and p?
10
Let w be 156*(-2)/(-8) - 26. Let z be (-3)/(-4) - 5604/(-16). Calculate the greatest common factor of z and w.
13
Let b(t) = t**2 - 27*t - 30. Let y be b(28). Let q be y/9 - 1904/(-144). Calculate the greatest common divisor of q and 4.
1
Suppose -5*b - 2*f = -2*b - 600, -2*f + 1000 = 5*b. What is the highest common factor of 470 and b?
10
Suppose 0 = -21*v - 31383 + 39321. What is the greatest common divisor of v and 945?
189
Let x be (151 - 4 - -11) + 5 - -2. Calculate the greatest common divisor of x and 4785.
165
Let l be (-64)/(-34) + 6/51. Suppose -l*u - 43 = -5. Let h be (-2 - -2) + (1 - u). Calculate the greatest common factor of h and 160.
20
Suppose -3410 + 13154 = 203*t. What is the greatest common divisor of 1200 and t?
48
Let c(u) = -345*u + 2601. Let h be c(6). Calculate the highest common factor of 2006 and h.
59
Suppose 27*q - 20*q = -105. Let d be (4 - -1)/((-6)/(108/q)). Calculate the highest common divisor of d and 312.
6
Let d be 27/(-9) - 1 - -42. Let i be 22